se
Is 109 a factor of 115649?
True
Does 21 divide 1430226?
True
Does 110 divide 306680?
True
Is 459861 a multiple of 17?
False
Does 172 divide 452704?
True
Does 7 divide 4852452?
False
Does 80 divide 114380?
False
Does 61 divide 1194015?
False
Is 263 a factor of 85212?
True
Is 10 a factor of 4483320?
True
Does 20 divide 117700?
True
Is 4448028 a multiple of 47?
False
Is 2 a factor of 20663?
False
Does 17 divide 392938?
True
Is 51464 a multiple of 28?
True
Does 4 divide 129365?
False
Is 606530 a multiple of 10?
True
Is 7 a factor of 1663498?
False
Is 30400 a multiple of 64?
True
Is 64 a factor of 221659?
False
Is 51 a factor of 77928?
True
Is 40 a factor of 317385?
False
Does 144 divide 166936?
False
Is 571713 a multiple of 1279?
True
Is 39249 a multiple of 21?
True
Is 37807 a multiple of 11?
True
Is 113 a factor of 8576361?
True
Is 33 a factor of 3991449?
True
Is 2751045 a multiple of 15?
True
Is 24804 a multiple of 159?
True
Does 108 divide 28905?
False
Is 353052 a multiple of 21?
True
Is 13 a factor of 1232023?
True
Is 33 a factor of 5408931?
True
Is 1168 a factor of 26550976?
True
Does 584 divide 15601649?
False
Is 29 a factor of 87203?
True
Is 6417 a multiple of 4?
False
Is 487 a factor of 2148204?
False
Does 228 divide 192732?
False
Is 36 a factor of 77328?
True
Is 61437 a multiple of 2?
False
Does 92 divide 52517?
False
Is 765833 a multiple of 17?
True
Is 327076 a multiple of 90?
False
Does 472 divide 1794544?
True
Is 2087640 a multiple of 234?
False
Is 5831094 a multiple of 11?
False
Does 583 divide 1505721?
False
Is 27 a factor of 1119069?
True
Is 1638640 a multiple of 80?
True
Is 2 a factor of 104165?
False
Is 136955 a multiple of 91?
True
Is 10 a factor of 701630?
True
Is 106 a factor of 227616?
False
Is 537411 a multiple of 21?
True
Is 69 a factor of 241638?
True
Is 3593690 a multiple of 10?
True
Is 6720944 a multiple of 140?
False
Does 97 divide 650967?
True
Is 128 a factor of 1431546?
False
Does 7 divide 172934?
False
Does 20 divide 525960?
True
Is 328118 a multiple of 23?
True
Is 27 a factor of 24759?
True
Is 405240 a multiple of 66?
True
Does 446 divide 5199606?
False
Is 9 a factor of 199062?
True
Is 12375 a multiple of 165?
True
Is 16 a factor of 1360171?
False
Is 2 a factor of 42743?
False
Is 2976656 a multiple of 913?
False
Does 16 divide 7130883?
False
Is 455208 a multiple of 12?
True
Does 126 divide 32886?
True
Is 34 a factor of 24224?
False
Is 23 a factor of 389367?
True
Is 6467580 a multiple of 236?
True
Is 72576 a multiple of 108?
True
Is 162 a factor of 453250?
False
Does 28 divide 2107842?
False
Is 4 a factor of 58072?
True
Is 4 a factor of 213572?
True
Is 2324327 a multiple of 372?
False
Does 293 divide 271904?
True
Is 167 a factor of 484561?
False
Is 267080 a multiple of 773?
False
Is 4 a factor of 8140183?
False
Does 27 divide 1987040?
False
Is 519596 a multiple of 53?
False
Is 622635 a multiple of 13?
True
Is 5951768 a multiple of 856?
True
Is 11 a factor of 68363?
False
Does 9 divide 215046?
True
Is 508174 a multiple of 823?
False
Does 108 divide 409212?
True
Is 119 a factor of 67278?
False
Is 114 a factor of 224026?
False
Is 6150848 a multiple of 32?
True
Does 696 divide 871399?
False
Is 52 a factor of 24024?
True
Does 76 divide 3206002?
False
Is 118 a factor of 254172?
True
Is 3547328 a multiple of 86?
True
Is 81781 a multiple of 38?
False
Is 6864018 a multiple of 37?
True
Is 33 a factor of 179190?
True
Does 768 divide 5339904?
True
Is 34650 a multiple of 70?
True
Is 16089295 a multiple of 507?
False
Is 13 a factor of 15711?
False
Is 152 a factor of 4646931?
False
Does 160 divide 148320?
True
Does 62 divide 1158577?
False
Is 18 a factor of 1027170?
True
Is 1114 a factor of 14111452?
False
Does 318 divide 559769?
False
Is 130 a factor of 477230?
True
Is 236097 a multiple of 81?
False
Is 192698 a multiple of 12?
False
Is 4010100 a multiple of 100?
True
Is 61722 a multiple of 6?
True
Is 32 a factor of 251264?
True
Is 17 a factor of 40646?
False
Is 365 a factor of 4077780?
True
Is 44 a factor of 13369924?
False
Does 20 divide 200158?
False
Does 13 divide 2688397?
False
Does 116 divide 836128?
True
Is 367115 a multiple of 42?
False
Does 8 divide 60564?
False
Does 559 divide 447200?
True
Does 34 divide 178608?
False
Is 16507192 a multiple of 27?
False
Does 611 divide 307678?
False
Is 326953 a multiple of 137?
False
Is 462266 a multiple of 58?
False
Does 50 divide 8733243?
False
Is 189878 a multiple of 13?
True
Is 750631 a multiple of 7?
True
Is 7068912 a multiple of 1311?
True
Does 31 divide 2916330?
False
Is 404551 a multiple of 76?
False
Does 96 divide 162664?
False
Is 90840 a multiple of 15?
True
Is 1463165 a multiple of 82?
False
Is 1406658 a multiple of 118?
False
Is 2711410 a multiple of 389?
False
Is 16047846 a multiple of 142?
True
Does 127 divide 26112?
False
Is 10 a factor of 116396?
False
Is 29809 a multiple of 9?
False
Is 48 a factor of 528576?
True
Is 177840 a multiple of 15?
True
Is 748800 a multiple of 16?
True
Is 297 a factor of 12824163?
True
Is 11 a factor of 357254?
False
Is 1233613 a multiple of 295?
False
Does 30 divide 277117?
False
Is 451 a factor of 14679491?
False
Is 5707237 a multiple of 140?
False
Does 1230 divide 5821925?
False
Does 183 divide 2047501?
False
Is 559 a factor of 478504?
True
Does 17 divide 986524?
False
Does 12 divide 521544?
True
Is 185545 a multiple of 14?
False
Is 156900 a multiple of 150?
True
Does 25 divide 2913225?
True
Is 16 a factor of 8695769?
False
Is 32 a factor of 39853?
False
Does 27 divide 33334272?
False
Is 13 a factor of 375145?
False
Does 7 divide 5551?
True
Is 73805 a multiple of 13?
False
Is 4069793 a multiple of 637?
True
Does 73 divide 47012?
True
Does 27 divide 2037393?
True
Is 8 a factor of 20210?
False
Is 190785 a multiple of 101?
False
Is 238 a factor of 204873?
False
Is 140 a factor of 382617?
False
Does 19 divide 670931?
False
Is 427959 a multiple of 11?
False
Is 455 a factor of 963235?
True
Does 50 divide 171000?
True
Is 664 a factor of 8774096?
True
Is 155 a factor of 35960?
True
Is 863 a factor of 1969235?
False
Does 88 divide 130152?
True
Does 372 divide 219197?
False
Is 482440 a multiple of 56?
True
Does 15 divide 2387955?
True
Is 9 a factor of 18378?
True
Is 7 a factor of 10178?
True
Does 4 divide 30212?
True
Does 298 divide 111750?
True
Does 9 divide 12676?
False
Is 7 a factor of 6527491?
False
Is 138 a factor of 1809318?
True
Is 9 a factor of 522396?
True
Is 4519 a multiple of 49?
False
Does 9 divide 966217?
False
Does 51 divide 3773031?
True
Does 81 divide 9674267?
False
Is 18135 a multiple of 7?
False
Does 14 divide 273798?
True
Is 47638 a multiple of 621?
False
Does 10 divide 166570?
True
Does 11 divide 739097?
False
Does 376 divide 224208?
False
Is 32 a factor of 239808?
True
Is 7 a factor of 10731?
True
Is 413265 a multiple of 33?
False
Is 643 a factor of 302210?
True
Is 126 a factor of 652944?
False
Does 444 divide 9922068?
True
Does 151 divide 1259198?
False
Does 133 divide 606946?
False
Does 10 divide 1557967?
False
Is 726199 a multiple of 14?
False
Is 247 a factor of 36309?
True
Is 164745 a multiple of 12?
False
Does 970 divide 24497879?
False
Is 211 a factor of 36186?
False
Is 14 a factor of 55636?
True
Is 752 a factor of 1064080?
True
Does 42 divide 108696?
True
Is 3 a factor of 249571?
False
Does 118 divide 5058116?
False
Is 7394157 a multiple of 94?
False
Does 23 divide 3813009?
True
Is 199526 a multiple of 6?
False
Does 24 divide 1143747?
False
Is 1754 a factor of 777290?
False
Does 11 divide 387181?
False
Is 8 a factor of 32144?
True
Does 29 divide 2159978?
True
Does 14 divide 14616?
True
Is 265 a factor of 8086740?
True
Is 5831778 a multiple of 962?
False
Does 41 divide 220427?
False
Is 47 a factor of 232979?
True
Is 506 a factor of 20673599?
False
Is 549 a factor of 17320?
False
Is 3596 a multiple of 31?
True
Is 21 a factor of 34764?
False
Does 442 divide 2035852?
True
Does 22 divide 189046?
True
Is 242432 a multiple of 128?
True
Is 20 a factor of 16794322?
False
Is 632 a factor of 2436360?
True
Is 281 a factor of 2847373?
True
Is 127 a factor of 116648?
False
Is 81 a factor of 681693?
False
Is 44 a factor of 18934608?
True
Is 298 a factor of 418541?
False
Does 32 divide 5698432?
True
Is 137 a factor of 118213?
False
Is